{"id":148,"date":"2015-01-26T21:34:29","date_gmt":"2015-01-26T21:34:29","guid":{"rendered":"http:\/\/www.jjkv.se\/?page_id=148"},"modified":"2025-10-20T07:53:23","modified_gmt":"2025-10-20T07:53:23","slug":"hem","status":"publish","type":"page","link":"https:\/\/www.jjkv.se\/","title":{"rendered":"En ny kampsportsart inom Sj\u00e4lvf\u00f6rsvar"},"content":{"rendered":"<h4 style=\"text-align: center;\"><strong><br \/>\nV\u00e4lkommen till Anzen Jutsu<br \/>\n<\/strong><em>&#8221;Ett effektivt sj\u00e4lvf\u00f6rsvar&#8221;<\/em><\/h4>\n<p>Anzen Jutsu \u00e4r en japansk kampsport med inriktning mot sj\u00e4lvf\u00f6rsvar. Det \u00e4r en blandning av olika kampsportarter vilket g\u00f6r att tr\u00e4ningen blir v\u00e4ldigt allsidig och \u00e4r en bra tr\u00e4ningsform f\u00f6r alla.<\/p>\n<p>Anzen Jutsu \u00e4r en nystartad klubb och art inom sj\u00e4lvf\u00f6rsvar som startade i Oktober 2025.<\/p>\n<hr \/>\n<p><em>Vi tr\u00e4nar Ju-Jutsu -sj\u00e4lvf\u00f6rsvar 2ggr i veckan och vi erbjuder ocks\u00e5 <strong>specifika\u00a0utbildningar<\/strong> inom sj\u00e4lvf\u00f6rsvar.<br \/>\nDessa utbildningar kan variera i tid och antal tillf\u00e4llen beroende p\u00e5 \u00f6nskem\u00e5l.<\/em><\/p>\n<p><em>\u00a0\u2666 \u00a0Personligt skydd f\u00f6r din s\u00e4kerhet<br \/>\n<\/em><em>\u00a0\u2666<\/em><em>\u00a0 Personlig tr\u00e4nare &#8211; PT<br \/>\n<\/em><em>\u00a0\u2666\u00a0\u00a0Kvinnligt sj\u00e4lvf\u00f6rsvar<\/em><strong><br \/>\n<\/strong><em>\u00a0\u2666 \u00a0F\u00f6retagsanpassat sj\u00e4lvf\u00f6rsvar<\/em><\/p>\n<p><strong>&#8221;<\/strong> L\u00e4r dig att hantera riskfyllda situationer och \u00f6ka din trygghet samt hantera vardags r\u00e4dslan!<strong>&#8221;<\/strong><\/p>\n<hr \/>\n<p><strong><em>Lite att fundera p\u00e5<\/em><\/strong><\/p>\n<p><em>Var \u00e4rlig med dig sj\u00e4lv, n\u00e4r du bevarar dessa fr\u00e5gor.<\/em><\/p>\n<p>\u2666\u00a0 Hur\u00a0kommer du att reagera i en riktig situation om hot om v\u00e5ld?<br \/>\n\u2666\u00a0 Hur v\u00e4l f\u00f6rberedd \u00e4r du om du st\u00e5r inf\u00f6r ett hot om v\u00e5ld?<br \/>\n\u2666 \u00a0Har du en tydlig strategi som fungerar n\u00e4r du st\u00e5r inf\u00f6r ett allvarligt\u00a0hot?<br \/>\n\u2666\u00a0 Hur undviker vi att hamna i en situation som leder till hot om v\u00e5ld?<\/p>\n<p style=\"text-align: left;\">\n","protected":false},"excerpt":{"rendered":"<p>V\u00e4lkommen till Anzen Jutsu &#8221;Ett effektivt sj\u00e4lvf\u00f6rsvar&#8221; Anzen Jutsu \u00e4r en japansk kampsport med inriktning mot sj\u00e4lvf\u00f6rsvar. Det \u00e4r en blandning av olika kampsportarter vilket g\u00f6r att tr\u00e4ningen blir v\u00e4ldigt allsidig och \u00e4r en bra tr\u00e4ningsform f\u00f6r alla. Anzen Jutsu &hellip; <a href=\"https:\/\/www.jjkv.se\/\">L\u00e4s mer <span class=\"meta-nav\">&rarr;<\/span><\/a><\/p>\n","protected":false},"author":1,"featured_media":0,"parent":0,"menu_order":0,"comment_status":"closed","ping_status":"closed","template":"showcase.php","meta":[],"_links":{"self":[{"href":"https:\/\/www.jjkv.se\/index.php?rest_route=\/wp\/v2\/pages\/148"}],"collection":[{"href":"https:\/\/www.jjkv.se\/index.php?rest_route=\/wp\/v2\/pages"}],"about":[{"href":"https:\/\/www.jjkv.se\/index.php?rest_route=\/wp\/v2\/types\/page"}],"author":[{"embeddable":true,"href":"https:\/\/www.jjkv.se\/index.php?rest_route=\/wp\/v2\/users\/1"}],"replies":[{"embeddable":true,"href":"https:\/\/www.jjkv.se\/index.php?rest_route=%2Fwp%2Fv2%2Fcomments&post=148"}],"version-history":[{"count":80,"href":"https:\/\/www.jjkv.se\/index.php?rest_route=\/wp\/v2\/pages\/148\/revisions"}],"predecessor-version":[{"id":1446,"href":"https:\/\/www.jjkv.se\/index.php?rest_route=\/wp\/v2\/pages\/148\/revisions\/1446"}],"wp:attachment":[{"href":"https:\/\/www.jjkv.se\/index.php?rest_route=%2Fwp%2Fv2%2Fmedia&parent=148"}],"curies":[{"name":"wp","href":"https:\/\/api.w.org\/{rel}","templated":true}]}}