{"id":141,"date":"2015-01-26T21:15:55","date_gmt":"2015-01-26T21:15:55","guid":{"rendered":"http:\/\/www.jjkv.se\/?page_id=141"},"modified":"2025-10-20T07:41:13","modified_gmt":"2025-10-20T07:41:13","slug":"schema","status":"publish","type":"page","link":"https:\/\/www.jjkv.se\/?page_id=141","title":{"rendered":"Tr\u00e4ningstider HT 2025"},"content":{"rendered":"<p>Tr\u00e4ningstider f\u00f6r HT 2025 f\u00f6r Nyb\u00f6rjare och Avancerade.<\/p>\n<div class=\"imgDiv\">Man kan b\u00f6rja tr\u00e4na Ju-Jutsu Kai n\u00e4r man vill under terminerna.<\/div>\n<div class=\"imgDiv\">Om ni k\u00e4nner f\u00f6r att testa p\u00e5 Ju-Jutsu Kai s\u00e5 \u00e4r det bara att komma ner till oss och tr\u00e4na.<\/div>\n<div class=\"imgDiv\">Vill ni mer information s\u00e5 kan ni kontakta mig via mobil eller via mobil 070-297 07 09\u00a0 el.<br \/><a href=\"mailto:mikael.collberg@jjkv.se\">mikael.collberg@jjkv.se<\/a><\/div>\n<div class=\"imgDiv\">\u00a0<\/div>\n<div class=\"imgDiv\">\u00a0<\/div>\n<div class=\"imgDiv\">\u00a0<\/div>\n<div class=\"imgDiv\">Plats: Kl\u00f6vernhallen \u00a0V\u00e4ster\u00e5s Kampsportsf\u00f6rening<\/div>\n<div>\u00a0<\/div>\n<div>Nyb\u00f6rjare b\u00f6rjar den 14\/10 och avslut 10\/12 -2025.<\/div>\n<div>\u00a0<\/div>\n<div>Avancerade b\u00f6rjar tisdag den 14\/10 och avslut 10\/12 -2025.<\/div>\n<div class=\"imgDiv\">\u00a0<\/div>\n<p><strong>Tisdagar:<\/strong> 19:00 &#8211; 23:00 &#8211; Nyb\u00f6rjare, Avancerade<\/p>\n<div class=\"imgDiv\">\u00a0<\/div>\n\n\n<p><\/p>\n","protected":false},"excerpt":{"rendered":"<p>Tr\u00e4ningstider f\u00f6r HT 2025 f\u00f6r Nyb\u00f6rjare och Avancerade. Man kan b\u00f6rja tr\u00e4na Ju-Jutsu Kai n\u00e4r man vill under terminerna. Om ni k\u00e4nner f\u00f6r att testa p\u00e5 Ju-Jutsu Kai s\u00e5 \u00e4r det bara att komma ner till oss och tr\u00e4na. Vill &hellip; <a href=\"https:\/\/www.jjkv.se\/?page_id=141\">L\u00e4s mer <span class=\"meta-nav\">&rarr;<\/span><\/a><\/p>\n","protected":false},"author":1,"featured_media":0,"parent":215,"menu_order":3,"comment_status":"closed","ping_status":"closed","template":"sidebar-page.php","meta":[],"_links":{"self":[{"href":"https:\/\/www.jjkv.se\/index.php?rest_route=\/wp\/v2\/pages\/141"}],"collection":[{"href":"https:\/\/www.jjkv.se\/index.php?rest_route=\/wp\/v2\/pages"}],"about":[{"href":"https:\/\/www.jjkv.se\/index.php?rest_route=\/wp\/v2\/types\/page"}],"author":[{"embeddable":true,"href":"https:\/\/www.jjkv.se\/index.php?rest_route=\/wp\/v2\/users\/1"}],"replies":[{"embeddable":true,"href":"https:\/\/www.jjkv.se\/index.php?rest_route=%2Fwp%2Fv2%2Fcomments&post=141"}],"version-history":[{"count":88,"href":"https:\/\/www.jjkv.se\/index.php?rest_route=\/wp\/v2\/pages\/141\/revisions"}],"predecessor-version":[{"id":1443,"href":"https:\/\/www.jjkv.se\/index.php?rest_route=\/wp\/v2\/pages\/141\/revisions\/1443"}],"up":[{"embeddable":true,"href":"https:\/\/www.jjkv.se\/index.php?rest_route=\/wp\/v2\/pages\/215"}],"wp:attachment":[{"href":"https:\/\/www.jjkv.se\/index.php?rest_route=%2Fwp%2Fv2%2Fmedia&parent=141"}],"curies":[{"name":"wp","href":"https:\/\/api.w.org\/{rel}","templated":true}]}}